?
-4
Evaluate 3 + 1 + -2 + (-15 - -10).
-3
Evaluate 2 - (0 + 4 + -8).
6
What is the value of -7 + (6 - 1) + -11 + 16?
3
Evaluate (11 - (4 - -21)) + (6 - -1).
-7
Evaluate (6 + -2 + -4 - -1) + -8.
-7
What is the value of (-23 + 35 - 15) + -1 + 1?
-3
Calculate -4 - (-2 - (-4 + (1 - -1))).
-4
Evaluate -1 + (-5 - -3) + (-9 - -5).
-7
Calculate 5 + -2 - (-1 + 0 + 4).
0
Calculate 0 + 0 + 0 + -138 + 139.
1
What is 2 + (7 + -4 - 2)?
3
-2 + 2 - -4 - (6 - 5)
3
What is the value of (-65 - -59) + (3 - 2)?
-5
What is -3 + -6 + (2 - (1 - 3))?
-5
Calculate 0 + 1 - (17 + -22 + 3).
3
What is the value of (-2 - 6) + 10 + (17 - 8)?
11
Calculate -5 - (5 + (-7 - 2) + -3).
2
Evaluate 7 - (6 + 1 - 4).
4
Calculate -3 - (-6 + (-6 - -13) - 0).
-4
Evaluate (-2 + 8 - (-1 + 2)) + -4.
1
What is the value of 4 + (-11 - (-6 + 4)) + 13?
8
Evaluate -8 + 5 + (3 - 5).
-5
Evaluate -2 - (-4 - (-3 + -1 - -6)).
4
Evaluate (-5 + 3 - 0) + (8 - 5).
1
What is the value of 5 - 2 - (7 + -3)?
-1
Evaluate (16 - 23) + (-2 - -7).
-2
2 - (8 - (5 + -4))
-5
Calculate -6 - (5 - 2 - (1 - -3)).
-5
Evaluate -6 + 6 + 3 + 7 + -6.
4
Calculate (23 - 19) + (-5 - 4) + 4.
-1
What is 3 - (0 + (-2 - -1))?
4
What is the value of -10 - (-6 + 1) - 0?
-5
Calculate 0 + -1 + 6 + -8 + 7.
4
Evaluate (4 - -8) + -9 + (-3 - 0).
0
What is 13 + 2 + -10 + 1?
6
What is (-8 - (7 - 12)) + 6?
3
Calculate -47 - -61 - (-2 + 9).
7
What is the value of -2 - (1 - (-1 - (-4 + 1)))?
-1
What is the value of -5 - -1 - (-4 + 6 - 8)?
2
-1 + -2 + 1 + -7 + 5
-4
What is the value of 10 + 0 + -3 + -13?
-6
Calculate 4 + (1 - 5 - 1).
-1
What is (-1 - 2) + (-3 - -5) + -2?
-3
10 - (5 + 6 + 4)
-5
What is the value of -4 + (-1 - -1) + (55 - 45)?
6
What is the value of 4 - (2 + 2) - -1 - -3?
4
What is 3 - (3 + -5) - 9?
-4
(-1 + 0 - 2) + 35 + -33
-1
0 + 9 + -15 + (0 - -12)
6
Calculate 17 + (19 - 7 - 20).
9
Calculate (-2 - -9) + -4 + 0 + -3.
0
(-1 + -1 - -12) + 20 + -25
5
Evaluate (-2 - (0 + -2)) + 2.
2
What is the value of (5 - (9 - 4)) + (0 - -1)?
1
1 - 5 - (-4 + 12 + -15)
3
Evaluate (210 - 200) + 0 + -6.
4
What is 11 + (-7 - 10 - -9)?
3
Calculate 36 - 30 - (0 - -13).
-7
What is 2 - (-4 - -2) - (1 + 2)?
1
(99 - 96) + -4 + (-4 - -2)
-3
Calculate (8 - 1) + 0 + -4.
3
-5 + 9 + -10 + 0 + 1
-5
What is 2 + (-4 - -2) + (7 - 1)?
6
What is the value of -7 - -5 - (-9 + -6 + 7)?
6
6 - (-8 + -2 + 13)
3
What is -4 + (-6 - -4 - -6) + 0?
0
-3 + 4 - 2 - 5
-6
(-5 - -2) + 3 + (5 - 12)
-7
Calculate 0 - (0 + 1 + -3 + 7).
-5
What is 7 + (-2 - (-4 + 9 + -3))?
3
What is (5 - (2 - 6)) + -6?
3
Calculate 1 - 5 - 1 - (-5 - -5).
-5
-1 + (8 - 2 - 3)
2
What is (-5 - 6) + (6 - -2)?
-3
(-6 - -2) + 0 - -6
2
-6 + 4 - -3 - 1
0
Evaluate -3 - (9 + -3 - (-12 + 19)).
-2
What is the value of -4 - (-1 - (-2 + 3 + 4))?
2
What is the value of (5 - (-4 + 3 + 8)) + 2?
0
-1 + -5 - ((4 - 2) + -7)
-1
Evaluate (-5 - (-5 + -11)) + -3 - 4.
4
What is -4 + 3 + -2 + 4?
1
What is 2 + 2 + -2 + 0 + -3?
-1
What is -20 + 17 - (-6 - -1)?
2
Calculate 0 - 7 - -3 - -9.
5
15 + -3 + -5 - 5
2
What is the value of 3 - (3 - 9 - -5)?
4
What is the value of 8 - 6 - 7 - -7?
2
What is 4 - (-4 + 1 + 4 + -2)?
5
What is (-4 - -7) + (3 - (1 - -2))?
3
What is the value of 4 + (-9 - (-8 + 2)) - 2?
-1
Calculate 17 + -21 - (2 - 8).
2
Evaluate (-4 - (0 - 1)) + 5.
2
What is the value of 4 - (9 + -3) - -2?
0
What is the value of 3 + -1 - (-12 + 21 + -10)?
3
Evaluate (0 - 2) + (11 - (1 - -5)).
3
What is the value of 1 - 2 - (-15 - -11)?
3
2 + -2 - (0 + (5 - 5))
0
Evaluate 7 + -28 + 11 + 15.
5
What is the value of -12 + 8 + (-2 - -3) + 2?
-1
Evaluate 1 - ((-1 - (8 + 2)) + 7).
5
-1 - -6 - 3 - -3
5
What is the value of (-10 - (7 + -7)) + 4?
-6
What is 4 - (-4 + 4 + 4 + -4)?
4
Calculate 4 + -2 + -6 + 4.
0
What is the value of -5 + 6 + (1 - -5) + 0?
7
Evaluate (0 - (6 + -1 - -3)) + 2.
-6
What is -2 + (-5 - (-5 - (-2 + 1)))?
-3
What is the value of -3 + 4 + (-27 - -22)?
-4
What is the value of -2 - (-1 + -3) - (21 + -16)?
-3
What is -2 + -16 + 13 - -6?
1
What is 2 - (-7 + 10 - (1 - 0))?
0
What is the value of 5 + (-5 - -6) - 5?
1
Calculate (6 - 3) + -12 + -1.
-10
What is the value of 0 - (3 - (0 + 4))?
1
What is 0 + -9 + 3 + -5 + 7?
-4
-2 - ((5 - 4) + -5 + 2)
0
What is the value of (8 - 6 - 3) + -2?
-3
(1 + 6 - (-5 - -15)) + 0
-3
What is the value of 2 - ((-6 - -3) + 13) - -4?
-4
What is -3 + -1 - (3 + -4)?
-3
What is the value of -2 + -2 + -3 - -2?
-5
Calculate 0 + 0 + -40 + 43.
3
What is 0 - (2 - -7) - (4 + -8)?
-5
-8 - (-9 - (15 + -8)) - 19
-11
Evaluate -4 + (5 - ((-6 - -2) + -2)).
7
Calculate 2 + -3 + 2 + 3.
4
What is (-11 - -21) + -4 + -1 + 2?
7
What is (3 - (0 - -1)) + (4 - 3)?
3
(1 - ((-5 - 0) + -2)) + -5
3
6 - (5 + 9 + -7)
-1
Evaluate -1 + 3 + 5 + -5.
2
What is 0 - (-4 - (-4 - -3)) - 2?
1
What is the value of (2 - (1 + (-4 - -2))) + 2?
5
10 - (-2 - 0 - -8)
4
Evaluate -11 + (-7 - -14) - -1.
-3
Calculate 1 - ((-5 - 4) + 6).
4
Evaluate 1 + -6 + -6 + 4 + 2.
-5
-3 - 0 - -3 - 1
-1
Calculate -3 - (-5 + 10 - 4).
-4
Evaluate 6 + -4 + (3 + -2 - 2).
1
Calculate -5 + 14 + -1 + -6.
2
Calculate -1 + 6 - (-9 + 3 - -3).
8
Evaluate (11 + -4 - 5) + 2.
4
Evaluate (-9 - -10) + (-1 - 0).
0
(2 - -2) + 0 - 3
1
-1 + -1 + -33 + 30
-5
Evaluate (0 - -3) + (-6 - (-1 + -4)).
2
What is -10 - -8 - (-3 - (-2 + 3))?
2
Calculate -1 + (2 - -4) + (5 - 9).
1
(1 - (4 - 1)) + 5 + 2
5
What is (-7 - -8) + -1 + 0 + 2?
2
What is -16 + 8 + 6 + (5 - 2)?
1
(-3 - -6) + (1 - 2)
2
What is (20 + -3 + -6 - 2) + -4?
5
What is the value of 1 + 1 - (12 + -9 + -10)?
9
What is 6 - ((-6 - -10) + -1) - 9?
-6
What is (2 - 16) + 12 + -7 + -1?
-10
What is 14 + -15 - ((-4 - -7) + 0)?
-4
Evaluate 4 + 2 - (-3 - -3).
6
(-8 + -4 + 2 - -2) + -1
-9
Evaluate (18 - 15) + (-3 - -1).
1
What is 10 + -18 + 6 + 11?
9
Calculate 3 - (0 - -2 - 2).
3
What is (-5 - -13) + (-5 - 3)?
0
What is -3 + 1 + 6 + (0 - 3)?
1
Evaluate (-4 - -2) + (4 - 7 - -1).
-4
Evaluate -1 + (0 - -9) + -4 - 3.
1
4 + 1 + (5 - 9)
1
(-13 - (-1 - 10)) + (-1 - -3)
0
What is the value of -5 - (-5 + 8 + -7)?
-1
What is 0 - ((0 - -4) + 6 - 5)?
-5
What is 11 - ((-7 - -7 - 3) + 8)?
6
What is the value of (-5 - -4) + -1 + 4?
2
What is the value of -1 - (-6 + 11) - -3 - -3?
0
Evaluate -37 + 35 + (-2 - 2).
-6
What is the value of 0 + -2 + (-9 - -4) + 2?
-5
Calculate 26 + -7 - 6 - 9.
4
11 + (12 + -6 - 9)
8
What is the value of -4 - -2 - -3 - (-19 + 18)?
2
-3 + -5 + -3 + 6 + -1
-6
Evaluate 2 + -3 + 7 + 2 + -3.
5
Evaluate -1 + -5 + (-34 - -30) - -1.
-9
What is the value of 3 - (4 + (-2 - -4) + -2)?
-1
Calculate -5 - -3 - (1 + 2) - 0.
-5
Calculate -3 + 3 + (-6 - 3) + 5.
-4
What is the value of -3 + (3 - 4) + 1 - -8?
5
What is the value of -6 - (8 - 6 - 6)?
-2
What is the value of 5 - 1 - (-13 + (-6 - -15))?
8
What is 0 - 10 - (0 + -8)?
-2
-1 + -1 + (-115 - -109)
-8
46 + -46 - (7 + 3 + 0)
-10
Calculate 6 - (-20 - -19 - (-4 - -1)).
4
What is (-1 - -4) + -13 + 17 + 0?
7
Evaluate -5 - (5 + (-4 - -8 - 14)).
0
What is the value of -4 + 15 + (-1 - 5) + -1?
4
What is the value of -5 - -1 - (0 + 1 - 2)?
-3
Calculate 6 - ((18 - 3) + -1) - -7.
-1
Calculate 12 - ((3 - -5) + -5 + 3).
6
Evaluate -8 + 4 + (5 - 4) + -2.
-5
-6 + (6 - 8 - -8) + 0
0
What is the value of -5 + (10 - 5 - -2) + -1?
1
Evaluate (-8 - -9) + (4 - 1) - 0.
4
What is 3 - (-2 + 10 + 0)?
-5
Evaluate 82 + -80 + (-1 + 1 - -4).
6
Calculate -2 + (-2 - (-8 + 5)).
-1
Evaluate 5 - (-4 + -2 + 2 + 2).
7
Calculate (-4 - -3) + 2 + -1.
0
What is the value of (4 - 5) + 2 + -2?
-1
What is the value of -1 + (-10 + 6 - -4) + -1?
-2
What is the value of 2 - (-1 + 1) - (-286 + 281)?
7
What is -4 - (-4 + -2 + 6)?
-4
Evaluate 2 + (-7 - -5) + -1 + 0.
-1
What is 3 + 0 + 4 + 27 + -33?
1
What is the value of 1 - -11 - (-46 - -66)?
-8
What is 5 + 1 + -1 - (3 + -1)?
3
Evaluate -2 - (14 - 10 - (6 + 0)).
0
-1 + 2 + 3 - 8
-4
Calculate -1 + (-2 - -1) - (-4 - -2).
0
Calculate 2 - (3 + 2 + -6 + 5).
-2
6 + -3 + -3 + 2
2
-3 + (-6 - (-8 + 1 - 0))
-2
What is the value of -1 + 8 - (-60 + 62)?
5
What is the value of -2 + -1 + -7 + (2 - -4)?
-4
What is 2 + (-18 + 22 - (3 - 0))?
3
What is the value of 1 - (-3 - -1) - 7 - -4?
0
Calculate -4 - (6 + -7) - (-2 - 1).
0
Evaluate 8 - (1 + -2 - -8).
1
Evaluate 0 + -4 + (6 - -3).
5
Evaluate (14 - -2) + (8 - 18).
6
Calculate -5 - (3 - (4 - -6)).
2
What is (-2 - -1 - (-9 - -9)) + -4?
-5
Calcula